
36
Suppose -13*k = 10*k - 5911. Calculate the remainder when k is divided by 26.
23
Let m(y) = -12 - 13*y + 11*y + 0*y. What is the remainder when m(-13) is divided by (-14)/(-2) + (-1 - 1)?
4
Let t be (3*(-1)/(-12))/(2/8). Suppose 4*k - 3*a = 40, -3*a + 2*a - 50 = -5*k. Calculate the remainder when (t/(-2))/1*(-836)/22 is divided by k.
9
Let d be (48/(-10) - -2)*(10 - 15). What is the remainder when (4/(-7))/((-2)/d) is divided by 2?
0
Let x(t) = -61*t - 453. Calculate the remainder when x(-8) is divided by (-2)/(-6) + (-38)/(-3).
9
Suppose -54 = -9*x + 3*x. Let w = -4 + 7. Suppose -l - 143 = -4*a, w*a - 2*l = -a + 146. Calculate the remainder when a is divided by x.
8
Suppose 2*w + 8 = 4*q, -q + 2*q + 7 = 2*w. Suppose 2*i + 206 = 360. Calculate the remainder when i is divided by 15/w*4*2.
17
Suppose k = 3*y - 101, -k - 6*y = -y + 93. Let n = k + 127. Calculate the remainder when 86 is divided by n.
28
Calculate the remainder when 3 is divided by -6 - -1 - -5*(-30)/(-25).
0
What is the remainder when (316/6)/((-5)/(-15) + 0) is divided by 32?
30
Let i = 0 + 4. Suppose -8*m + 11 = 3. What is the remainder when i is divided by m?
0
Let i(x) = -4*x**3 - 12*x**2 + 16*x. Calculate the remainder when i(-5) is divided by ((-6)/(-9))/(4/186).
27
Let g(b) = b**3 + 6*b**2 + 6*b. Let z be g(-5). Let l(i) = 2*i - 7. What is the remainder when 42 + (z - (1 - 4)) is divided by l(9)?
7
Let f(b) = -b**3 - 23*b**2 - 28*b - 98. Let l(t) = t**3 + 8*t**2 + 9*t. Calculate the remainder when f(-22) is divided by l(-6).
16
Suppose -4*f + 39 = -6*g + 3*g, -3*f = -g - 23. What is the remainder when 12 is divided by f?
0
Suppose 5*o + 96 - 18 = 2*q, -94 = -2*q - 3*o. What is the remainder when q is divided by 9?
8
Calculate the remainder when 50 is divided by (4 - 2)*1*16.
18
Suppose -w - 4*q = 9 + 4, -24 = -2*w + 2*q. What is the remainder when 25 is divided by w?
4
Suppose 17 = 2*o + 3. Suppose o*t - 6 = 4*t, 2*t = z - 9. Suppose -5*x + z + 22 = 0. What is the remainder when 26 is divided by x?
5
Suppose -3*m = 4*s + 8 + 12, 4*m = -2*s - 20. Let j be 0 + -6*1/s. Suppose -j = a - 32. What is the remainder when a is divided by 6?
5
Calculate the remainder when ((-100)/2 - 1)/(1/(-1)) is divided by 35.
16
Suppose -3*a - 21 = -3*z, 3*a + 16 = 2*z - 3. Let o = 5 + z. Suppose -3*v - 5*y = -0*v - 81, -3*y = -v + 27. Calculate the remainder when v is divided by o.
6
Suppose p = 4*s + 1406, -2*p + 7094 = 3*p - 4*s. Suppose -p = -3*t + 900. Calculate the remainder when ((-3)/(-9))/(6/t) is divided by 15.
13
Let p = 19 + -19. Suppose p = -2*d + 2*g - 224, 0 = -5*d + 4*g - 326 - 230. Let v = 171 + d. Calculate the remainder when v is divided by 16.
15
Let t = 69 + -55. Suppose -5*l + 71 = -t. Calculate the remainder when 48 is divided by l.
14
Let g(a) = -3*a + 2*a + a + 13*a. Let i be g(-1). Let f = 18 + i. Calculate the remainder when f is divided by 3.
2
Suppose 411 = 5*x - 3*z, -12 = -4*z - 0. Calculate the remainder when 21/x + (-135)/(-4) is divided by 9.
7
Let y = -136 + 175. What is the remainder when y is divided by 16?
7
Suppose -4*j - 2*r - 3*r + 45 = 0, 3*j - 57 = 4*r. Suppose 0*a - 37 = -3*a - q, j = a + 3*q. What is the remainder when (-3 - 41/2)*-2 is divided by a?
11
Let w = 42 - 31. Let n be (-4 - -3)*w/1. What is the remainder when (-1047)/n + 40/(-220) is divided by 24?
23
Suppose 5*f + 10 = 0, -2*o - 2*f + 34 = 2*f. Suppose o*z = 9*z + 2148. What is the remainder when z is divided by 45?
44
Let x(b) = b**2 + b - 2. Let v be x(4). Let p = -20 + v. Let k = p - -9. Calculate the remainder when 12 is divided by k.
5
Suppose -241 - 65 = -18*d. Calculate the remainder when 49 is divided by d.
15
Calculate the remainder when 58 is divided by 6/30 - ((-138)/10 - 1).
13
Let h = 268 - 229. Suppose 4*w - 97 - 3 = 4*v, 4*w - 127 = -5*v. Let n = w + -20. Calculate the remainder when h is divided by n.
7
Let b = 74 - 12. Suppose -g + 28 + 3 = -3*q, -141 = -4*g - 5*q. Suppose -2*j - n + 22 = -6*n, -2*j + g = n. What is the remainder when b is divided by j?
14
Suppose 28 = 2*k - 4. Suppose -k*a + 14*a + 6 = 0. Let o(q) = 2*q + 7. What is the remainder when o(a) is divided by 7?
6
Suppose 0 = i - 2*q - 2, -3*i - 2*q + 6 = 2*q. Let w(z) = 25*z**3 - 4*z**i + 2*z**2 - 13*z**3 + 90*z**3 + z. Calculate the remainder when w(1) is divided by 34.
33
Suppose 2*f - 3*f = -1. Let x(o) be the first derivative of 2*o**2 - 2. What is the remainder when 4 is divided by x(f)?
0
Let r = 1142 + -1093. Calculate the remainder when 244 is divided by r.
48
Let n be (2/(-3))/((-2)/6). Suppose 0 = 3*c + 12, -10*o + 5*o - 5 = 5*c. Calculate the remainder when -4 + n + (12 - -1) is divided by o.
2
Let h be (5 - 0) + 1/(-1). Suppose 3*n - 63 = -4*r, 2*n - 50 = -4*r - h. What is the remainder when (-15)/5 - n*-1 is divided by 8?
6
Let k(a) = a - 2. Let x(z) = -14 - 5*z**2 + z**3 - 8*z + 5*z**2 - 9*z**2. Let j be x(10). What is the remainder when 5 is divided by k(j)?
1
Suppose z = -3*b - 145, 708 = -4*z + b + 102. Let h = -125 - z. Calculate the remainder when 101 is divided by h.
23
Let o = 150 + -76. Suppose -70*u - 580 = -o*u. Calculate the remainder when u is divided by 38 + (-1 + 0 - 0).
34
Suppose 2*w = 4*n + 128, -n + 2*n + 116 = 2*w. Calculate the remainder when w/(-6)*3*-2 - 3 is divided by 14.
11
Suppose 11*k + 10*k - 357 = 0. What is the remainder when 337 is divided by k?
14
What is the remainder when 372 is divided by 552/40 + 1/5?
8
Let j(d) = 13*d**3 + 3*d**2 - 6*d + 3. Let r be j(2). Suppose 111*g - r*g - 84 = 0. What is the remainder when g is divided by 5?
1
Let i(k) = k**3 + 18*k**2 - 40*k + 15. Calculate the remainder when 131 is divided by i(-20).
11
Let y = 36 - 15. Let l = y - 2. What is the remainder when l is divided by 4?
3
Suppose -2*d = -9*d + 231. Calculate the remainder when d is divided by 4.
1
Let u = -8 + 16. Let v = 9 - u. What is the remainder when 25 is divided by -4*(-3)/v - -2?
11
Suppose q + 10 = -q. Let m(t) = -t**3 - 3*t**2 + 5*t + 1. Suppose -5*s - 118 + 150 = 3*h, 2*h = s + 17. What is the remainder when m(q) is divided by h?
8
Let a be (85/5 - (1 - -2)) + 2. Suppose -88 = -5*c - 4*w, 58 = 4*c - 2*w - w. Suppose -a = -4*f + c. What is the remainder when 14 is divided by f?
6
Let h(j) = j**3 + 7*j**2 + 4*j + 1. Let r be h(-7). Let i = r + 59. What is the remainder when 127 is divided by i?
31
Suppose 6*d - 24 = 3*d. Suppose 0 = j + i - d, 5*j = 6*i - i + 10. Calculate the remainder when 25 is divided by -3 + 80/j + 0.
12
Suppose -9*h + 7*h - 42 = 0. Calculate the remainder when 14 is divided by (1/((-6)/(-20)))/((-14)/h).
4
Let q(w) = -w**3 - 26*w**2 - 169*w + 3. What is the remainder when 85 - 1/(2 - 1) is divided by q(-14)?
16
Suppose b - 6*b = -70. Calculate the remainder when 38 is divided by b.
10
Let y = -9 + 13. Suppose 5*q = 5*l - 80, -l + 5*q - 8 = -y*l. Let s = 308 + -289. Calculate the remainder when s is divided by l.
8
Suppose 17*p = 22*p - 75. What is the remainder when 34 is divided by p/((1/(-2))/((-6)/12))?
4
Suppose 22*t - 4311 = -857. Suppose -l = -6*l - 4*v + t, -2*v - 169 = -5*l. Calculate the remainder when 93 is divided by l.
27
Calculate the remainder when (296/(-14))/((-8)/28) is divided by 52.
22
Let k(p) = -13*p + 93. What is the remainder when 5 is divided by k(7)?
1
Let q(y) = -2*y - 1. Let g(m) = -17*m + 1. Let z be g(-2). Suppose 7*n = 2*n + z. Calculate the remainder when n is divided by q(-2).
1
Suppose 5*q + 3 = 28. Suppose -203 + 513 = q*s. Calculate the remainder when s is divided by 22.
18
Suppose 0 = -31*j + 3162 + 4464. What is the remainder when j is divided by 12?
6
Let i(h) = h**3 - 9*h**2 + 2. Let z be i(9). Suppose z*g + 4*j + 8 = 0, j - 3 - 4 = g. Calculate the remainder when 32 is divided by (0 - -3)*g/(-2).
5
What is the remainder when 1917 is divided by 94/6 - (-180)/(-108)?
13
Let y = 1777 - 1517. Calculate the remainder when y is divided by 29.
28
Suppose 0 = g - 4, -5*g = -q - 12 - 12. What is the remainder when 1 + q + 2 - -65 is divided by 22?
20
Suppose 8*g = 3*g + 5. Suppose -3*c - 2*s = -4, -3*c - 16 = -5*s + 15. Calculate the remainder when g is divided by c*(20/(-8) + 2).
0
Let l(k) = -k**3 - k**2 - k - 1. Let u be (-14)/(-4)*12/(-21). Calculate the remainder when 7 is divided by l(u).
2
Suppose -